mon factor of 18900 and 31731.
21
What is the highest common divisor of 3402 and 14918106?
42
Calculate the highest common divisor of 126349847 and 117.
13
Calculate the greatest common factor of 2 and 18223715.
1
Calculate the highest common divisor of 1499030 and 49010.
1690
What is the highest common factor of 137350 and 248196944?
5494
Calculate the greatest common divisor of 4441736 and 520.
104
What is the highest common factor of 16380772 and 248?
124
What is the greatest common factor of 148674043 and 56?
7
Calculate the greatest common factor of 2508 and 346786.
22
Calculate the highest common factor of 82 and 17773910.
82
What is the greatest common factor of 38290 and 11095?
35
What is the highest common divisor of 260428691 and 382?
191
What is the greatest common factor of 459357 and 255?
51
Calculate the highest common factor of 10713570 and 155040.
510
Calculate the highest common factor of 264 and 7961888.
88
Calculate the highest common factor of 968975 and 6877150.
8575
What is the greatest common divisor of 3336 and 175176696?
3336
Calculate the greatest common factor of 119 and 19609989.
7
What is the highest common divisor of 10150 and 126208?
58
Calculate the greatest common factor of 988 and 18590056.
76
What is the highest common divisor of 337965 and 5445?
15
Calculate the greatest common divisor of 1269948 and 156.
12
Calculate the highest common factor of 46730 and 21570.
10
Calculate the greatest common factor of 7338 and 8788478.
2446
What is the highest common factor of 11388480 and 1024?
64
Calculate the greatest common divisor of 2139709 and 26026.
1859
What is the highest common factor of 19766493 and 4?
1
Calculate the greatest common divisor of 12 and 255281748.
12
Calculate the highest common factor of 690 and 9772861.
23
What is the greatest common factor of 137163105 and 25?
5
Calculate the greatest common factor of 96714 and 14632470.
3582
What is the greatest common divisor of 297 and 29829357?
27
What is the highest common factor of 3451 and 61607861?
203
What is the greatest common factor of 3063337 and 453?
151
Calculate the greatest common divisor of 94106804 and 22.
22
Calculate the greatest common factor of 1212 and 253536.
12
Calculate the highest common divisor of 21853 and 621959.
13
What is the greatest common factor of 89688 and 11507?
37
What is the greatest common divisor of 88 and 42966?
22
What is the highest common divisor of 873784 and 44?
4
What is the highest common factor of 7362652 and 836?
836
What is the greatest common divisor of 64 and 19010?
2
What is the highest common factor of 170781 and 18072133?
4379
What is the greatest common factor of 56717235 and 270?
45
Calculate the highest common factor of 4267809 and 31356.
117
What is the highest common divisor of 947716 and 3605882?
2534
Calculate the greatest common divisor of 900198 and 45.
9
What is the highest common divisor of 4698 and 26673678?
1566
What is the highest common factor of 3918 and 124852294?
1306
Calculate the greatest common divisor of 144501 and 32781.
147
What is the greatest common factor of 24761380 and 29729?
959
What is the greatest common factor of 1020 and 17690385?
15
What is the highest common factor of 1976438517 and 3?
3
What is the highest common factor of 42874 and 6948886?
3298
What is the highest common factor of 2329 and 220303?
17
What is the highest common divisor of 19316 and 37444?
44
Calculate the greatest common factor of 10022733 and 3.
3
What is the greatest common divisor of 275 and 104334725?
275
Calculate the greatest common factor of 32832189 and 4806.
2403
What is the greatest common divisor of 5389542 and 3888?
18
Calculate the greatest common divisor of 12458745 and 325.
65
What is the highest common divisor of 630147809 and 514?
257
Calculate the greatest common factor of 7588289 and 565.
113
Calculate the highest common factor of 2490 and 20010.
30
Calculate the highest common factor of 4342 and 1846018.
334
Calculate the highest common divisor of 56172930 and 62.
62
What is the highest common factor of 91572480 and 45?
45
Calculate the highest common factor of 187716232 and 176.
88
Calculate the greatest common divisor of 8011356 and 11502.
426
What is the greatest common divisor of 28 and 78386581?
7
What is the greatest common divisor of 1944175 and 51775?
475
What is the greatest common divisor of 37 and 8951632?
37
What is the highest common divisor of 57 and 4447227?
3
Calculate the greatest common divisor of 2537078 and 82048.
1282
What is the greatest common divisor of 24 and 66525?
3
What is the greatest common divisor of 4100832 and 18144?
288
Calculate the highest common divisor of 1244924 and 1804.
164
What is the greatest common divisor of 191240 and 2702?
14
What is the greatest common factor of 8648816 and 208?
16
What is the highest common divisor of 33960 and 4587720?
120
Calculate the highest common divisor of 9490730 and 1460.
730
What is the highest common divisor of 464 and 178399532?
116
What is the greatest common divisor of 34568989 and 91?
91
What is the greatest common divisor of 22133244 and 606?
6
Calculate the greatest common divisor of 917415 and 471195.
1665
What is the highest common divisor of 39867672 and 1248?
312
What is the highest common divisor of 25158138 and 549582?
4542
What is the greatest common factor of 7308 and 527568?
348
Calculate the greatest common factor of 73511347 and 91.
91
Calculate the greatest common factor of 65148940 and 20.
20
Calculate the highest common factor of 869 and 51170986.
79
Calculate the greatest common divisor of 391 and 764133.
17
Calculate the highest common factor of 385979664 and 392.
392
Calculate the highest common divisor of 4971 and 87618.
3
What is the highest common factor of 18179 and 196259?
371
Calculate the highest common factor of 12 and 40253826.
6
Calculate the greatest common divisor of 8848 and 64853312.
1264
Calculate the greatest common factor of 2657991 and 164829.
987
Calculate the greatest common divisor of 2109635024 and 16.
16
Calculate the highest common divisor of 675675 and 2446290.
3465
What is the greatest common divisor of 100669850 and 4600?
1150
Calculate the highest common divisor of 4800 and 17315475.
75
Calculate the highest common factor of 80 and 16907480.
40
Calculate the greatest common factor of 908 and 63051066.
454
What is the greatest common divisor of 1264147 and 8508?
709
Calculate the highest common divisor of 1001 and 33460427.
1001
Calculate the greatest common divisor of 3995000 and 8789.
799
Calculate the greatest common factor of 4662 and 2230858.
14
What is the highest common divisor of 21 and 159459447?
21
What is the greatest common factor of 13332 and 155633324?
4444
Calculate the highest common factor of 74 and 25124258.
74
What is the greatest common divisor of 49365 and 21015?
45
Calculate the highest common divisor of 2 and 26456483.
1
Calculate the highest common divisor of 1010 and 927206765.
505
What is the highest common divisor of 8857473 and 10122?
723
What is the highest common factor of 152 and 5286760?
8
Calculate the highest common divisor of 197690 and 961594.
746
What is the highest common divisor of 2661 and 1266260799?
2661
Calculate the highest common factor of 363646 and 290076.
2102
What is the greatest common divisor of 67564381 and 381?
127
What is the greatest common divisor of 54 and 403061049?
27
Calculate the highest common divisor of 120 and 3512928.
24
What is the highest common divisor of 990260069 and 4066?
2033
What is the greatest common factor of 2155695 and 137?
137
Calculate the greatest common factor of 217 and 278336073.
31
Calculate the greatest common factor of 686 and 285698.
14
Calculate the greatest common divisor of 2668 and 886811.
23
Calculate the greatest common divisor of 299 and 401700.
13
What is the highest common factor of 245 and 57223915?
245
What is the greatest common divisor of 423 and 23669928?
9
What is the greatest common factor of 10601872 and 1424?
16
What is the greatest common factor of 1019 and 6753?
1
What is the greatest common divisor of 1025 and 241971955?
205
What is the highest common divisor of 1521 and 58280157?
1521
What is the highest common divisor of 35241 and 168351?